er when 1297 is divided by 65?
62
Calculate the remainder when 101 is divided by 12.
5
What is the remainder when 274 is divided by 25?
24
What is the remainder when 16699 is divided by 16?
11
Calculate the remainder when 49 is divided by 25.
24
Calculate the remainder when 104 is divided by 22.
16
What is the remainder when 144 is divided by 52?
40
Calculate the remainder when 205 is divided by 26.
23
Calculate the remainder when 534 is divided by 45.
39
Calculate the remainder when 440 is divided by 145.
5
What is the remainder when 716 is divided by 18?
14
Calculate the remainder when 518 is divided by 106.
94
What is the remainder when 132 is divided by 9?
6
Calculate the remainder when 641 is divided by 18.
11
What is the remainder when 815 is divided by 51?
50
What is the remainder when 4105 is divided by 52?
49
Calculate the remainder when 522 is divided by 17.
12
What is the remainder when 117 is divided by 14?
5
Calculate the remainder when 5303 is divided by 1322.
15
Calculate the remainder when 230 is divided by 13.
9
What is the remainder when 1782 is divided by 887?
8
Calculate the remainder when 4030 is divided by 9.
7
Calculate the remainder when 186 is divided by 103.
83
Calculate the remainder when 5070 is divided by 61.
7
Calculate the remainder when 85 is divided by 30.
25
What is the remainder when 440 is divided by 64?
56
Calculate the remainder when 7336 is divided by 70.
56
What is the remainder when 57 is divided by 15?
12
Calculate the remainder when 3874 is divided by 102.
100
What is the remainder when 2406 is divided by 86?
84
Calculate the remainder when 156 is divided by 53.
50
What is the remainder when 739 is divided by 83?
75
What is the remainder when 316 is divided by 64?
60
What is the remainder when 140 is divided by 27?
5
What is the remainder when 719 is divided by 185?
164
What is the remainder when 110 is divided by 60?
50
What is the remainder when 45 is divided by 6?
3
What is the remainder when 1253 is divided by 114?
113
Calculate the remainder when 89 is divided by 13.
11
Calculate the remainder when 5 is divided by 4.
1
Calculate the remainder when 75 is divided by 12.
3
What is the remainder when 664 is divided by 29?
26
What is the remainder when 351 is divided by 2?
1
What is the remainder when 1656 is divided by 7?
4
What is the remainder when 83 is divided by 23?
14
Calculate the remainder when 154 is divided by 39.
37
Calculate the remainder when 3456 is divided by 19.
17
Calculate the remainder when 57 is divided by 31.
26
Calculate the remainder when 154 is divided by 39.
37
Calculate the remainder when 528 is divided by 122.
40
What is the remainder when 251 is divided by 43?
36
Calculate the remainder when 374 is divided by 125.
124
Calculate the remainder when 219 is divided by 112.
107
What is the remainder when 727 is divided by 90?
7
What is the remainder when 1118 is divided by 552?
14
What is the remainder when 271 is divided by 138?
133
Calculate the remainder when 390 is divided by 24.
6
What is the remainder when 5129 is divided by 38?
37
What is the remainder when 78 is divided by 8?
6
Calculate the remainder when 167 is divided by 132.
35
What is the remainder when 866 is divided by 11?
8
What is the remainder when 1648 is divided by 13?
10
What is the remainder when 14595 is divided by 178?
177
What is the remainder when 1262 is divided by 204?
38
What is the remainder when 619 is divided by 353?
266
Calculate the remainder when 6611 is divided by 3.
2
Calculate the remainder when 158 is divided by 54.
50
What is the remainder when 698 is divided by 61?
27
Calculate the remainder when 31 is divided by 12.
7
What is the remainder when 490 is divided by 17?
14
Calculate the remainder when 102 is divided by 68.
34
Calculate the remainder when 82 is divided by 30.
22
What is the remainder when 204 is divided by 14?
8
Calculate the remainder when 101 is divided by 11.
2
What is the remainder when 33 is divided by 17?
16
What is the remainder when 4891 is divided by 102?
97
What is the remainder when 218 is divided by 56?
50
What is the remainder when 2125 is divided by 76?
73
What is the remainder when 995 is divided by 330?
5
Calculate the remainder when 675 is divided by 222.
9
Calculate the remainder when 1347 is divided by 19.
17
Calculate the remainder when 2874 is divided by 287.
4
What is the remainder when 106 is divided by 36?
34
Calculate the remainder when 1863 is divided by 55.
48
What is the remainder when 185 is divided by 17?
15
Calculate the remainder when 132 is divided by 66.
0
Calculate the remainder when 35 is divided by 21.
14
Calculate the remainder when 2685 is divided by 64.
61
What is the remainder when 481 is divided by 4?
1
What is the remainder when 233 is divided by 74?
11
What is the remainder when 2638 is divided by 41?
14
Calculate the remainder when 242 is divided by 23.
12
What is the remainder when 250 is divided by 33?
19
Calculate the remainder when 432 is divided by 5.
2
What is the remainder when 52 is divided by 18?
16
Calculate the remainder when 1861 is divided by 8.
5
Calculate the remainder when 4690 is divided by 13.
10
What is the remainder when 584 is divided by 74?
66
What is the remainder when 41 is divided by 39?
2
Calculate the remainder when 32 is divided by 15.
2
Calculate the remainder when 877 is divided by 80.
77
Calculate the remainder when 770 is divided by 243.
41
What is the remainder when 161 is divided by 55?
51
Calculate the remainder when 30 is divided by 3.
0
Calculate the remainder when 543 is divided by 133.
11
What is the remainder when 1630 is divided by 34?
32
Calculate the remainder when 12323 is divided by 202.
1
Calculate the remainder when 286 is divided by 12.
10
What is the remainder when 1540 is divided by 118?
6
What is the remainder when 183 is divided by 99?
84
Calculate the remainder when 7471 is divided by 53.
51
What is the remainder when 766 is divided by 129?
121
Calculate the remainder when 103 is divided by 3.
1
What is the remainder when 37 is divided by 21?
16
Calculate the remainder when 708 is divided by 83.
44
What is the remainder when 7386 is divided by 35?
1
What is the remainder when 170 is divided by 61?
48
What is the remainder when 1635 is divided by 81?
15
Calculate the remainder when 13070 is divided by 43.
41
What is the remainder when 188 is divided by 31?
2
What is the remainder when 470 is divided by 80?
70
Calculate the remainder when 400 is divided by 110.
70
Calculate the remainder when 44 is divided by 16.
12
What is the remainder when 640 is divided by 191?
67
Calculate the remainder when 397 is divided by 21.
19
Calculate the remainder when 598 is divided by 595.
3
Calculate the remainder when 1083 is divided by 264.
27
Calculate the remainder when 120 is divided by 31.
27
What is the remainder when 1087 is divided by 66?
31
What is the remainder when 71 is divided by 36?
35
What is the remainder when 459 is divided by 68?
51
What is the remainder when 229 is divided by 228?
1
Calculate the remainder when 102 is divided by 22.
14
Calculate the remainder when 259 is divided by 38.
31
Calculate the remainder when 1636 is divided by 539.
19
What is the remainder when 2048 is divided by 147?
137
Calculate the remainder when 2969 is divided by 31.
24
What is the remainder when 152 is divided by 143?
9
Calculate the remainder when 1116 is divided by 112.
108
What is the remainder when 118 is divided by 116?
2
Calculate the remainder when 1233 is divided by 156.
141
Calculate the remainder when 644 is divided by 26.
20
Calculate the remainder when 1184 is divided by 28.
8
What is the remainder when 202 is divided by 186?
16
What is the remainder when 194 is divided by 9?
5
What is the remainder when 4065 is divided by 83?
81
What is the remainder when 120 is divided by 11?
10
What is the remainder when 1111 is divided by 18?
13
What is the remainder when 44 is divided by 14?
2
What is the remainder when 1364 is divided by 35?
34
Calculate the remainder when 1412 is divided by 101.
99
Calculate the remainder when 150 is divided by 14.
10
What is the remainder when 88 is divided by 35?
18
Calculate the remainder when 441 is divided by 144.
9
What is the remainder when 226 is 